 -1. Calculate the remainder when 17 is divided by ((-10)/b)/(15/(-45)).
7
Let v = 3693 - 3122. Calculate the remainder when v is divided by 9.
4
Let p = 259 - 184. Calculate the remainder when p is divided by 28.
19
Suppose -f + 4*f = 5*j + 182, -3*f = 2*j - 196. Let g(b) = 34*b**2 + b. What is the remainder when f is divided by g(1)?
29
Let g = -49 + 80. Suppose 31 = 5*b - 24. Calculate the remainder when g is divided by b.
9
Let i be 3 - (-1 - 60 - 1). Let z be (4 - (-319 + 0))*1. Suppose -i = -4*k + z. Calculate the remainder when k is divided by 25.
22
Let p = -212 + 225. Calculate the remainder when 39 is divided by p.
0
Suppose -z + 6*z = -a + 43, 112 = 3*a - 2*z. Let u = a + -35. What is the remainder when u is divided by 2?
1
Let s = 105 - 50. Suppose q - w - 45 = -q, -s = -2*q - w. Let f = 139 + -126. Calculate the remainder when q is divided by f.
12
Suppose -16 = -4*s + 2*s. What is the remainder when s is divided by 714/255 - (-2)/10?
2
Suppose f + 86 - 91 = 0. Let n(j) = j**3 + 6*j**2 + 2*j - 3. What is the remainder when n(-5) is divided by f?
2
Let c(l) = -2*l**3 - 18*l**2 - 6*l - 5. What is the remainder when c(-9) is divided by 9?
4
Calculate the remainder when 306/((-4)/78*-13) is divided by 42.
39
Suppose -3*d - 4*z + 19 = -25, 2*z - 40 = -3*d. Let o be (-759)/((-3)/d*6). Suppose -t = -1, 4*s + t = -37 + o. What is the remainder when s is divided by 30?
27
Suppose 97*r = 90*r + 210. Calculate the remainder when 119 is divided by r.
29
Let i(f) be the first derivative of f**3/3 + 11*f**2 + 16*f - 7. Calculate the remainder when i(-22) is divided by 9.
7
Let m(p) = -2*p**3 + 46*p**2 - 44*p + 40. Calculate the remainder when 114 is divided by m(22).
34
Let i be (-20)/(-10) - -1*4. Suppose -43 = -i*k + k + 3*j, -5*j + 35 = 5*k. Calculate the remainder when 22 is divided by k.
6
Let c = -14 + 14. What is the remainder when (1 - c)/(9/(-45))*-3 is divided by 7?
1
Suppose 3*l - 341 = 139. Suppose 36*i - 46*i + 550 = 0. Calculate the remainder when l is divided by i.
50
Calculate the remainder when 19 is divided by (13 + (-33)/3)/((-4)/(-22)).
8
Let o be (-20)/(-110) - (-53)/11. Suppose 5*z - 5 = o. Suppose z*h - 63 = -5*l, -3*h + 2 - 1 = -l. Calculate the remainder when 31 is divided by l.
9
Let j = -1875 + 1975. Calculate the remainder when 293 is divided by j.
93
Let m = -462 - -1004. What is the remainder when m is divided by 13?
9
Let i = -97 + 124. Calculate the remainder when 104 is divided by i.
23
Suppose -5*z + 0*z + 25 = 0. Let u(b) = b - 1. Let q(k) = k + 14. Let x be q(-11). Calculate the remainder when z is divided by u(x).
1
Calculate the remainder when 8/(-16)*(1/(-1) - 641) is divided by 6.
3
Suppose -5*i + 0*i = -3*w + 4, i + 2*w = 7. Let y = i + 7. Let s = 24 + -2. Calculate the remainder when s is divided by y.
6
Suppose -4*z + 1035 = 5*x - 0*z, -3*z = 5*x - 1030. Calculate the remainder when x is divided by 100.
3
Let n(t) = 47*t**2 - 2*t + 1. Let o = -22 - -34. What is the remainder when n(1) is divided by o?
10
Suppose -6*k + 28 = -2*k. Suppose 0*p + 54 = -9*p. Calculate the remainder when (39/p)/(2/(-4)) is divided by k.
6
Suppose 5*o + 5 = 2*y, -15 = 5*y - 3*o - 37. Suppose y*h - 8 = 37. Let d = -77 - -110. What is the remainder when d is divided by h?
6
Let c(z) = -z**3 + z**2 + z - 1. Let t(o) = 6*o**3 + 3*o**2 + 5*o + 9. Let v(b) = 5*c(b) + t(b). What is the remainder when 47 is divided by v(-6)?
15
Let d(n) = -49*n + 2. Let v be d(-1). What is the remainder when 8 + -6 - v/(-3) is divided by 4?
3
Let j(h) = h**2 - 1. Let y be j(-4). Let d = 20 - y. Suppose 3*x = -4*t + 7, 0 = d*x - 4*t + 6*t - 35. What is the remainder when 33 is divided by x?
6
Let z(i) = i**3 + 13*i**2 - 22*i + 32. What is the remainder when z(-14) is divided by 137?
7
Calculate the remainder when ((-223890)/12)/(-17)*(-4)/(-10) is divided by 10.
9
Suppose -5*i = 111 - 191. Suppose 3*g = -0*g, x - 29 = -g. Calculate the remainder when x is divided by i.
13
Let z = 35 - 30. Suppose -22*v = -265 - 21. Calculate the remainder when v is divided by z.
3
Let v(o) = -o + 182. What is the remainder when v(23) is divided by 27?
24
Suppose 16*i - 22*i = -72. Suppose -4*c - 257 = -61. Let k = 8 - c. What is the remainder when k is divided by i?
9
Suppose -1393 = 23*l - 30*l. Calculate the remainder when l is divided by 40.
39
Calculate the remainder when ((-13)/3)/(0 + 8/(-48)) is divided by 17.
9
Let t = 19 + -15. Let a(i) = -i**3 - 4*i**2 + 6*i + 7. Let u be a(-5). Suppose o = u + 2. What is the remainder when t is divided by o?
0
Let w = -4 - -17. Let b = w - 21. Let m(s) = s**3 + 9*s**2 + 6*s + 7. Calculate the remainder when m(b) is divided by 8.
7
Let z = 40 - 12. Suppose 15*d + 40 = 19*d. Calculate the remainder when z is divided by d.
8
Let y be -1*(-3 - 100/(-8))*2. Let z = 48 + y. Let u(c) = 2*c - 1. What is the remainder when z is divided by u(8)?
14
Let u(b) = -b**2 + 33*b + 9. What is the remainder when u(26) is divided by 39?
35
Let o(d) = 4*d**2 + 5*d + 2. Let r be o(-4). Suppose -3*i = -j + r, 0 = j + 4*j + 3*i - 158. Calculate the remainder when 132 is divided by j.
30
Suppose -s + 22 = 10. Suppose 0*g + g + 5 = 0, i + 4*g + 10 = 0. Let h(q) = q**2 - 8*q + 13. What is the remainder when h(i) is divided by s?
9
Suppose -5*j + 336 = -4*v, -140 = -2*j + 8*v - 5*v. Calculate the remainder when 126 is divided by j.
62
Let u(i) = 2*i**3 - 40*i**2 - 32*i - 30. What is the remainder when u(21) is divided by 14?
12
Let o(g) = -4*g - 2. Let z be 10/(-75) + (-292)/60. Let c be o(z). What is the remainder when 7 is divided by 12/c + 14/6?
1
Suppose -4*g - 2*w = -712, -4*g + 4*w - 368 = -6*g. Suppose -g + 64 = -4*l. Calculate the remainder when 3/4 - (-433)/4 is divided by l.
25
Suppose 5*m + 4*m = 378. Suppose -2*s + 60 = -5*w + s, -4*w + s - 41 = 0. What is the remainder when m is divided by ((-3)/w)/(2/54)?
6
Let x be -18*46*(-1)/4. Suppose -3*q - x = 27. Let y = 149 + q. What is the remainder when y is divided by 18?
17
Suppose 16 + 14 = 2*w. Let a = 201 - 158. What is the remainder when a is divided by w?
13
Suppose -8*p - 391 + 647 = 0. What is the remainder when 313 is divided by p?
25
Suppose 69*w - 264 = 65*w. Suppose 3*k - 4*t = t + 84, t = -3*k + w. What is the remainder when k is divided by 7?
2
What is the remainder when ((-532)/6)/((24/(-9))/4) is divided by 35?
28
Suppose 2*v = 3*v + 15. Let i be 84/(-15)*v/6. What is the remainder when i/((-2)/(-4)*1) is divided by 15?
13
Let f = -343 - -508. Calculate the remainder when f is divided by 28.
25
Let u(m) = -51*m**2 + m + 2. Let z be u(-1). Let g = -31 - z. Calculate the remainder when 36 is divided by g.
17
Suppose k - 120 = -3*r, r - 30 = -2*k + 5. Let u(i) = 5*i - 32. Calculate the remainder when u(22) is divided by r.
37
Let a = -4 + 6. Let j(s) = 8*s + s + 3*s. What is the remainder when j(a) is divided by 9?
6
Let i(w) = w + 10. Let g be i(-5). Suppose -n = -g*n + 336. Calculate the remainder when n is divided by 25.
9
Let i(h) = -h**2 - 8*h - 9. Let g = -2 - 4. Let y be i(g). Suppose -y*a + 100 = j, -2*a - a + 104 = 2*j. What is the remainder when a is divided by 17?
15
Suppose 5*u = -19 - 21. Suppose -m = -q + 21, 5*m - 84 = -4*q - 0*m. What is the remainder when q is divided by (-2)/u - 344/(-32)?
10
Let r(y) = -2*y + 6. Let n be r(0). Suppose 0 = 3*a - n - 153. Calculate the remainder when a is divided by 14.
11
Let p(l) = -31*l**3 - l**2 - 2*l - 1. Calculate the remainder when p(-1) is divided by 1*(2 + (4 - -5)).
9
Let x = 38 + -19. Calculate the remainder when 0 + 2 + 2 - (16 + -61) is divided by x.
11
Let v(i) = i + 18. Let u be (-164)/(-16) + 9/12. Let l = u - 20. Calculate the remainder when 34 is divided by v(l).
7
Suppose -u - 4*l + 9 = 0, u + l + l = 5. What is the remainder when 10 is divided by 2 + (-4)/(-2) - (u - 0)?
1
Let h be (-15)/(-10)*16/3. Suppose -3*i = -i - h. Suppose i*y = -0*y + 56. What is the remainder when y is divided by 4?
2
Let d(h) = 6*h**2 + 34*h - 249. What is the remainder when d(6) is divided by 51?
18
Suppose 15*a + 10 = 16*a - 2*t, -2*a + 3*t = -19. What is the remainder when 134 is divided by a?
6
Let u(w) = w**3 + 17*w**2 + 44*w - 9. Calculate the remainder when u(-10) is divided by 64.
59
Let b = -566 + 633. Calculate the rem